{"id":807,"date":"2024-12-08T11:30:14","date_gmt":"2024-12-08T10:30:14","guid":{"rendered":"https:\/\/terre-de-crat\u00e8res.fr\/?page_id=807"},"modified":"2024-12-12T12:23:51","modified_gmt":"2024-12-12T11:23:51","slug":"sismologie","status":"publish","type":"page","link":"https:\/\/terre-de-crat\u00e8res.fr\/?page_id=807","title":{"rendered":"Sismologie"},"content":{"rendered":"\n<blockquote class=\"wp-block-quote is-layout-flow wp-block-quote-is-layout-flow\">\n<p class=\"has-text-align-center\">\u00c9tude des s\u00e9ismes et, plus g\u00e9n\u00e9ralement, des divers mouvements du sol.<\/p>\n<\/blockquote>\n\n\n\n<h2 class=\"wp-block-heading\">Mais pourquoi l&rsquo;\u00e9tudier ? <\/h2>\n\n\n\n<h3 class=\"wp-block-heading\">Pr\u00e9vision et Pr\u00e9vention des Catastrophes<\/h3>\n\n\n\n<p><strong>Alerte Pr\u00e9coce<\/strong> : En comprenant les signes pr\u00e9curseurs des tremblements de terre, les sismologues peuvent d\u00e9velopper des syst\u00e8mes d&rsquo;alerte pr\u00e9coce qui sauvent des vies et r\u00e9duisent les dommages mat\u00e9riels.<br><strong>Conception de B\u00e2timents<\/strong> : Les donn\u00e9es sismiques aident les ing\u00e9nieurs \u00e0 concevoir des b\u00e2timents et des infrastructures capables de r\u00e9sister aux tremblements de terre, minimisant ainsi les risques de destruction.<\/p>\n\n\n\n<h3 class=\"wp-block-heading\">Compr\u00e9hension de la Terre<\/h3>\n\n\n\n<p><strong>Structure Interne de la Terre<\/strong> : L&rsquo;\u00e9tude des ondes sismiques permet aux scientifiques de mieux comprendre la composition et la structure interne de notre plan\u00e8te, y compris les couches de la cro\u00fbte terrestre, le manteau et le noyau.<br><strong>Activit\u00e9 Tectonique<\/strong> : La sismologie fournit des informations essentielles sur les mouvements des plaques tectoniques, qui sont responsables de nombreux ph\u00e9nom\u00e8nes g\u00e9ologiques, tels que les tremblements de terre, les \u00e9ruptions volcaniques et la formation des montagnes.<\/p>\n\n\n\n<h3 class=\"wp-block-heading\">Recherche Scientifique et Applications Pratiques<\/h3>\n\n\n\n<p><strong>\u00c9tude de l&rsquo;Histoire G\u00e9ologique<\/strong> : En analysant les enregistrements sismiques, les scientifiques peuvent reconstituer l&rsquo;histoire g\u00e9ologique de la Terre et mieux comprendre les processus g\u00e9ologiques qui l&rsquo;ont fa\u00e7onn\u00e9e.<\/p>\n\n\n\n<h2 class=\"wp-block-heading\">La sismologie dans les terres australes<\/h2>\n\n\n\n<p><em>Extrait du site web de l&rsquo;INSU :<\/em><\/p>\n\n\n\n<blockquote class=\"wp-block-quote is-layout-flow wp-block-quote-is-layout-flow\">\n<p><em>L&rsquo;identification des failles potentiellement actives est un enjeu majeur, particuli\u00e8rement sur le territoire national. Ces failles ne sont pas toutes visibles en surface et leur identification passe parfois par l&rsquo;analyse fine de la sismicit\u00e9. Le <a href=\"http:\/\/renass.unistra.fr\/\" target=\"_blank\" rel=\"noreferrer noopener\">R\u00e9seau national de surveillance sismique<\/a> (R\u00e9NaSS) est plac\u00e9 sous la responsabilit\u00e9 de l&rsquo;EOST de Strasbourg et a pour objectif d&rsquo;observer la sismicit\u00e9 fran\u00e7aise, d&rsquo;am\u00e9liorer notre connaissance de l&rsquo;al\u00e9a sismique et d&rsquo;informer rapidement (activit\u00e9 reconnue d&rsquo;utilit\u00e9 publique) les pouvoirs publics en cas de s\u00e9isme important.<\/em><\/p>\n<\/blockquote>\n\n\n\n<p>Les 7 stations sismologique des Terres Australes et Antarctique Fran\u00e7aises font partie du r\u00e9seau Geoscope, compos\u00e9 au total de 33 stations. Les stations australes sont sous la responsabilit\u00e9 de l&rsquo;<a href=\"https:\/\/eost.unistra.fr\/observatoire\/sismologie\/geoscope-eost\/\">EOST.<\/a> <\/p>\n\n\n\n<p>Le service a un fort positionnement national \u00e0 l&rsquo;int\u00e9rieur du r\u00e9seau sismologique <a href=\"http:\/\/geoscope.ipgp.fr\/\">Geoscope<\/a> (service national d&rsquo;observation lab\u00e9lis\u00e9 par le CNRS-INSU), \u00e0 l&rsquo;institut polaire fran\u00e7ais (<a href=\"http:\/\/www.institut-polaire.fr\/\" target=\"_blank\" rel=\"noreferrer noopener\">IPEV<\/a>) et dans les Terres australes et antarctiques fran\u00e7aises, et une visibilit\u00e9 internationale dans le FDSN (<a href=\"https:\/\/www.fdsn.org\/\">International Federation of Digital Seismograph Networks<\/a>).<\/p>\n\n\n<div class=\"wp-block-image\">\n<figure class=\"aligncenter size-full\"><img decoding=\"async\" src=\"https:\/\/terre-de-crat\u00e8res.fr\/wp-content\/uploads\/2024\/12\/Capture-du-2024-12-08-15-35-42.png\" alt=\"carte du r\u00e9seau g\u00e9oscope\" class=\"wp-image-817\"\/><figcaption class=\"wp-element-caption\"><em>Amsterdam repr\u00e9sent\u00e9e par le sigle AIS<\/em><\/figcaption><\/figure>\n<\/div>\n\n\n<p>Extrait du site web de l&rsquo;EOST : <\/p>\n\n\n\n<p><strong>Les recherches faites \u00e0 partir de ces donn\u00e9es se r\u00e9sument comme suit <\/strong>:<\/p>\n\n\n\n<blockquote class=\"wp-block-quote is-layout-flow wp-block-quote-is-layout-flow\">\n<p>Tomographie sismique \u00e0 l&rsquo;\u00e9chelle du globe&nbsp;: \u00e9tude tridimensionnelle de la structure du manteau et du noyau \u00e0 partir de la forme des sismogrammes.<br><br>\u00c9tude r\u00e9gionale de la dispersion des ondes de surface pour contraindre les structures de la lithosph\u00e8re et du manteau sup\u00e9rieur.<br><br>\u00c9tude des param\u00e8tres \u00e0 la source des s\u00e9ismes et du processus de rupture \u00e0 partir de la mod\u00e9lisation de l&rsquo;arriv\u00e9e de la premi\u00e8re onde.<br><br>D\u00e9veloppement des th\u00e9ories de la propagation des ondes longue p\u00e9riode dans une terre lat\u00e9ralement h\u00e9t\u00e9rog\u00e8ne.<\/p>\n<\/blockquote>\n\n\n\n<h2 class=\"wp-block-heading\">La sismologie sur l&rsquo;\u00eele d&rsquo;Amsterdam et Saint-Paul<\/h2>\n\n\n\n<p>Au fond d&rsquo;une grotte, un peu \u00e0 l&rsquo;\u00e9cart de la base se trouve le <strong>sismom\u00e8tre<\/strong>. Il enregistre les secousses produites par les s\u00e9ismes parfois jusqu\u2019\u00e0 12000 Km de celui-ci. Il est interdit de rentrer dans la grotte sauf en cas d\u2019extr\u00eame n\u00e9cessit\u00e9. Le fait d&rsquo;ouvrir la porte de la cave va engendrer un changement de temp\u00e9rature et de pression qui vont influer sur le sismom\u00e8tre. <\/p>\n\n\n<div class=\"wp-block-image\">\n<figure data-wp-context=\"{&quot;imageId&quot;:&quot;69e1ed6676f64&quot;}\" data-wp-interactive=\"core\/image\" data-wp-key=\"69e1ed6676f64\" class=\"aligncenter size-large wp-lightbox-container\"><img loading=\"lazy\" decoding=\"async\" width=\"1024\" height=\"683\" data-wp-class--hide=\"state.isContentHidden\" data-wp-class--show=\"state.isContentVisible\" data-wp-init=\"callbacks.setButtonStyles\" data-wp-on--click=\"actions.showLightbox\" data-wp-on--load=\"callbacks.setButtonStyles\" data-wp-on-window--resize=\"callbacks.setButtonStyles\" src=\"https:\/\/terre-de-crat\u00e8res.fr\/wp-content\/uploads\/2024\/12\/DSC02701-1024x683.jpg\" alt=\"Porte de la cave qui abrite le sismom\u00e8tre de l'\u00eele Amsterdam\" class=\"wp-image-820\" srcset=\"https:\/\/terre-de-crat\u00e8res.fr\/wp-content\/uploads\/2024\/12\/DSC02701-1024x683.jpg 1024w, https:\/\/terre-de-crat\u00e8res.fr\/wp-content\/uploads\/2024\/12\/DSC02701-300x200.jpg 300w, https:\/\/terre-de-crat\u00e8res.fr\/wp-content\/uploads\/2024\/12\/DSC02701-768x512.jpg 768w, https:\/\/terre-de-crat\u00e8res.fr\/wp-content\/uploads\/2024\/12\/DSC02701-1536x1024.jpg 1536w, https:\/\/terre-de-crat\u00e8res.fr\/wp-content\/uploads\/2024\/12\/DSC02701-2048x1365.jpg 2048w, https:\/\/terre-de-crat\u00e8res.fr\/wp-content\/uploads\/2024\/12\/DSC02701-405x270.jpg 405w, https:\/\/terre-de-crat\u00e8res.fr\/wp-content\/uploads\/2024\/12\/DSC02701-850x567.jpg 850w\" sizes=\"auto, (max-width: 1024px) 100vw, 1024px\" \/><button\n\t\t\tclass=\"lightbox-trigger\"\n\t\t\ttype=\"button\"\n\t\t\taria-haspopup=\"dialog\"\n\t\t\taria-label=\"Agrandir\"\n\t\t\tdata-wp-init=\"callbacks.initTriggerButton\"\n\t\t\tdata-wp-on--click=\"actions.showLightbox\"\n\t\t\tdata-wp-style--right=\"state.imageButtonRight\"\n\t\t\tdata-wp-style--top=\"state.imageButtonTop\"\n\t\t>\n\t\t\t<svg xmlns=\"http:\/\/www.w3.org\/2000\/svg\" width=\"12\" height=\"12\" fill=\"none\" viewBox=\"0 0 12 12\">\n\t\t\t\t<path fill=\"#fff\" d=\"M2 0a2 2 0 0 0-2 2v2h1.5V2a.5.5 0 0 1 .5-.5h2V0H2Zm2 10.5H2a.5.5 0 0 1-.5-.5V8H0v2a2 2 0 0 0 2 2h2v-1.5ZM8 12v-1.5h2a.5.5 0 0 0 .5-.5V8H12v2a2 2 0 0 1-2 2H8Zm2-12a2 2 0 0 1 2 2v2h-1.5V2a.5.5 0 0 0-.5-.5H8V0h2Z\" \/>\n\t\t\t<\/svg>\n\t\t<\/button><figcaption class=\"wp-element-caption\">Porte de la cave qui abrite le sismom\u00e8tre de l&rsquo;\u00eele Amsterdam<\/figcaption><\/figure>\n<\/div>\n\n\n<p>Tous les jours, les VSC de l&rsquo;IPEV doivent effectuer la premi\u00e8re <strong>interpr\u00e9tation des secousses<\/strong> enregistr\u00e9es. Sur ordinateur, nous devons faire un pointage des diff\u00e9rentes ondes d&rsquo;un s\u00e9isme (ondes de surface, ondes P et ondes S qui circulent \u00e0 l\u2019int\u00e9rieur du globe).<br>Une fois ce pointage effectu\u00e9, nous le comparons \u00e0 une bande de donn\u00e9es pour v\u00e9rifier si notre s\u00e9isme point\u00e9 a bien \u00e9t\u00e9 d\u00e9tect\u00e9 \u00e0 le m\u00eame horaire sur d&rsquo;autres sismom\u00e8tres. <\/p>\n\n\n\n<figure class=\"wp-block-gallery has-nested-images columns-default is-cropped wp-block-gallery-1 is-layout-flex wp-block-gallery-is-layout-flex\">\n<figure data-wp-context=\"{&quot;imageId&quot;:&quot;69e1ed66774df&quot;}\" data-wp-interactive=\"core\/image\" data-wp-key=\"69e1ed66774df\" class=\"wp-block-image size-large wp-lightbox-container\"><img loading=\"lazy\" decoding=\"async\" width=\"1024\" height=\"541\" data-wp-class--hide=\"state.isContentHidden\" data-wp-class--show=\"state.isContentVisible\" data-wp-init=\"callbacks.setButtonStyles\" data-wp-on--click=\"actions.showLightbox\" data-wp-on--load=\"callbacks.setButtonStyles\" data-wp-on-window--resize=\"callbacks.setButtonStyles\" data-id=\"812\" src=\"https:\/\/terre-de-crat\u00e8res.fr\/wp-content\/uploads\/2024\/12\/Capture-decran-de-2024-12-08-15-19-30-e1733653569347-1024x541.png\" alt=\"pointage des ondes d'un s\u00e9isme\" class=\"wp-image-812\" srcset=\"https:\/\/terre-de-crat\u00e8res.fr\/wp-content\/uploads\/2024\/12\/Capture-decran-de-2024-12-08-15-19-30-e1733653569347-1024x541.png 1024w, https:\/\/terre-de-crat\u00e8res.fr\/wp-content\/uploads\/2024\/12\/Capture-decran-de-2024-12-08-15-19-30-e1733653569347-300x158.png 300w, https:\/\/terre-de-crat\u00e8res.fr\/wp-content\/uploads\/2024\/12\/Capture-decran-de-2024-12-08-15-19-30-e1733653569347-768x406.png 768w, https:\/\/terre-de-crat\u00e8res.fr\/wp-content\/uploads\/2024\/12\/Capture-decran-de-2024-12-08-15-19-30-e1733653569347-1536x811.png 1536w, https:\/\/terre-de-crat\u00e8res.fr\/wp-content\/uploads\/2024\/12\/Capture-decran-de-2024-12-08-15-19-30-e1733653569347-511x270.png 511w, https:\/\/terre-de-crat\u00e8res.fr\/wp-content\/uploads\/2024\/12\/Capture-decran-de-2024-12-08-15-19-30-e1733653569347-850x449.png 850w, https:\/\/terre-de-crat\u00e8res.fr\/wp-content\/uploads\/2024\/12\/Capture-decran-de-2024-12-08-15-19-30-e1733653569347.png 1920w\" sizes=\"auto, (max-width: 1024px) 100vw, 1024px\" \/><button\n\t\t\tclass=\"lightbox-trigger\"\n\t\t\ttype=\"button\"\n\t\t\taria-haspopup=\"dialog\"\n\t\t\taria-label=\"Agrandir\"\n\t\t\tdata-wp-init=\"callbacks.initTriggerButton\"\n\t\t\tdata-wp-on--click=\"actions.showLightbox\"\n\t\t\tdata-wp-style--right=\"state.imageButtonRight\"\n\t\t\tdata-wp-style--top=\"state.imageButtonTop\"\n\t\t>\n\t\t\t<svg xmlns=\"http:\/\/www.w3.org\/2000\/svg\" width=\"12\" height=\"12\" fill=\"none\" viewBox=\"0 0 12 12\">\n\t\t\t\t<path fill=\"#fff\" d=\"M2 0a2 2 0 0 0-2 2v2h1.5V2a.5.5 0 0 1 .5-.5h2V0H2Zm2 10.5H2a.5.5 0 0 1-.5-.5V8H0v2a2 2 0 0 0 2 2h2v-1.5ZM8 12v-1.5h2a.5.5 0 0 0 .5-.5V8H12v2a2 2 0 0 1-2 2H8Zm2-12a2 2 0 0 1 2 2v2h-1.5V2a.5.5 0 0 0-.5-.5H8V0h2Z\" \/>\n\t\t\t<\/svg>\n\t\t<\/button><figcaption class=\"wp-element-caption\">Pointage du s\u00e9isme<\/figcaption><\/figure>\n\n\n\n<figure data-wp-context=\"{&quot;imageId&quot;:&quot;69e1ed6677928&quot;}\" data-wp-interactive=\"core\/image\" data-wp-key=\"69e1ed6677928\" class=\"wp-block-image size-large wp-lightbox-container\"><img loading=\"lazy\" decoding=\"async\" width=\"1024\" height=\"539\" data-wp-class--hide=\"state.isContentHidden\" data-wp-class--show=\"state.isContentVisible\" data-wp-init=\"callbacks.setButtonStyles\" data-wp-on--click=\"actions.showLightbox\" data-wp-on--load=\"callbacks.setButtonStyles\" data-wp-on-window--resize=\"callbacks.setButtonStyles\" data-id=\"813\" src=\"https:\/\/terre-de-crat\u00e8res.fr\/wp-content\/uploads\/2024\/12\/Capture-decran-de-2024-12-08-15-18-58-1-e1733653517461-1024x539.png\" alt=\"enregistrement d'un s\u00e9isme\" class=\"wp-image-813\" srcset=\"https:\/\/terre-de-crat\u00e8res.fr\/wp-content\/uploads\/2024\/12\/Capture-decran-de-2024-12-08-15-18-58-1-e1733653517461-1024x539.png 1024w, https:\/\/terre-de-crat\u00e8res.fr\/wp-content\/uploads\/2024\/12\/Capture-decran-de-2024-12-08-15-18-58-1-e1733653517461-300x158.png 300w, https:\/\/terre-de-crat\u00e8res.fr\/wp-content\/uploads\/2024\/12\/Capture-decran-de-2024-12-08-15-18-58-1-e1733653517461-768x404.png 768w, https:\/\/terre-de-crat\u00e8res.fr\/wp-content\/uploads\/2024\/12\/Capture-decran-de-2024-12-08-15-18-58-1-e1733653517461-1536x808.png 1536w, https:\/\/terre-de-crat\u00e8res.fr\/wp-content\/uploads\/2024\/12\/Capture-decran-de-2024-12-08-15-18-58-1-e1733653517461-513x270.png 513w, https:\/\/terre-de-crat\u00e8res.fr\/wp-content\/uploads\/2024\/12\/Capture-decran-de-2024-12-08-15-18-58-1-e1733653517461-850x447.png 850w, https:\/\/terre-de-crat\u00e8res.fr\/wp-content\/uploads\/2024\/12\/Capture-decran-de-2024-12-08-15-18-58-1-e1733653517461.png 1920w\" sizes=\"auto, (max-width: 1024px) 100vw, 1024px\" \/><button\n\t\t\tclass=\"lightbox-trigger\"\n\t\t\ttype=\"button\"\n\t\t\taria-haspopup=\"dialog\"\n\t\t\taria-label=\"Agrandir\"\n\t\t\tdata-wp-init=\"callbacks.initTriggerButton\"\n\t\t\tdata-wp-on--click=\"actions.showLightbox\"\n\t\t\tdata-wp-style--right=\"state.imageButtonRight\"\n\t\t\tdata-wp-style--top=\"state.imageButtonTop\"\n\t\t>\n\t\t\t<svg xmlns=\"http:\/\/www.w3.org\/2000\/svg\" width=\"12\" height=\"12\" fill=\"none\" viewBox=\"0 0 12 12\">\n\t\t\t\t<path fill=\"#fff\" d=\"M2 0a2 2 0 0 0-2 2v2h1.5V2a.5.5 0 0 1 .5-.5h2V0H2Zm2 10.5H2a.5.5 0 0 1-.5-.5V8H0v2a2 2 0 0 0 2 2h2v-1.5ZM8 12v-1.5h2a.5.5 0 0 0 .5-.5V8H12v2a2 2 0 0 1-2 2H8Zm2-12a2 2 0 0 1 2 2v2h-1.5V2a.5.5 0 0 0-.5-.5H8V0h2Z\" \/>\n\t\t\t<\/svg>\n\t\t<\/button><figcaption class=\"wp-element-caption\">d\u00e9tection dus\u00e9isme<\/figcaption><\/figure>\n\n\n\n<figure data-wp-context=\"{&quot;imageId&quot;:&quot;69e1ed6677d39&quot;}\" data-wp-interactive=\"core\/image\" data-wp-key=\"69e1ed6677d39\" class=\"wp-block-image size-large wp-lightbox-container\"><img loading=\"lazy\" decoding=\"async\" width=\"1024\" height=\"482\" data-wp-class--hide=\"state.isContentHidden\" data-wp-class--show=\"state.isContentVisible\" data-wp-init=\"callbacks.setButtonStyles\" data-wp-on--click=\"actions.showLightbox\" data-wp-on--load=\"callbacks.setButtonStyles\" data-wp-on-window--resize=\"callbacks.setButtonStyles\" data-id=\"811\" src=\"https:\/\/terre-de-crat\u00e8res.fr\/wp-content\/uploads\/2024\/12\/Capture-decran-de-2024-12-08-15-19-36-e1733653616183-1024x482.png\" alt=\"\" class=\"wp-image-811\" srcset=\"https:\/\/terre-de-crat\u00e8res.fr\/wp-content\/uploads\/2024\/12\/Capture-decran-de-2024-12-08-15-19-36-e1733653616183-1024x482.png 1024w, https:\/\/terre-de-crat\u00e8res.fr\/wp-content\/uploads\/2024\/12\/Capture-decran-de-2024-12-08-15-19-36-e1733653616183-300x141.png 300w, https:\/\/terre-de-crat\u00e8res.fr\/wp-content\/uploads\/2024\/12\/Capture-decran-de-2024-12-08-15-19-36-e1733653616183-768x362.png 768w, https:\/\/terre-de-crat\u00e8res.fr\/wp-content\/uploads\/2024\/12\/Capture-decran-de-2024-12-08-15-19-36-e1733653616183-573x270.png 573w, https:\/\/terre-de-crat\u00e8res.fr\/wp-content\/uploads\/2024\/12\/Capture-decran-de-2024-12-08-15-19-36-e1733653616183-850x400.png 850w, https:\/\/terre-de-crat\u00e8res.fr\/wp-content\/uploads\/2024\/12\/Capture-decran-de-2024-12-08-15-19-36-e1733653616183.png 1312w\" sizes=\"auto, (max-width: 1024px) 100vw, 1024px\" \/><button\n\t\t\tclass=\"lightbox-trigger\"\n\t\t\ttype=\"button\"\n\t\t\taria-haspopup=\"dialog\"\n\t\t\taria-label=\"Agrandir\"\n\t\t\tdata-wp-init=\"callbacks.initTriggerButton\"\n\t\t\tdata-wp-on--click=\"actions.showLightbox\"\n\t\t\tdata-wp-style--right=\"state.imageButtonRight\"\n\t\t\tdata-wp-style--top=\"state.imageButtonTop\"\n\t\t>\n\t\t\t<svg xmlns=\"http:\/\/www.w3.org\/2000\/svg\" width=\"12\" height=\"12\" fill=\"none\" viewBox=\"0 0 12 12\">\n\t\t\t\t<path fill=\"#fff\" d=\"M2 0a2 2 0 0 0-2 2v2h1.5V2a.5.5 0 0 1 .5-.5h2V0H2Zm2 10.5H2a.5.5 0 0 1-.5-.5V8H0v2a2 2 0 0 0 2 2h2v-1.5ZM8 12v-1.5h2a.5.5 0 0 0 .5-.5V8H12v2a2 2 0 0 1-2 2H8Zm2-12a2 2 0 0 1 2 2v2h-1.5V2a.5.5 0 0 0-.5-.5H8V0h2Z\" \/>\n\t\t\t<\/svg>\n\t\t<\/button><figcaption class=\"wp-element-caption\">banque des s\u00e9ismes<\/figcaption><\/figure>\n<\/figure>\n\n\n\n<p>L&#8217;emplacement des \u00eeles Amsterdam et Saint-Paul sont primordiale car unique dans le secteur et l\u2019h\u00e9misph\u00e8re sud. Dans l&rsquo;oc\u00e9an Austral, les \u00eeles Crozet, Kerguelen et Amsterdam Saint-Paul sont les seuls bouts de terres et donc les seuls r\u00e9f\u00e9rences sismo du coin.<\/p>\n\n\n\n<p><strong>Pour en savoir plus : <\/strong><br>Universit\u00e9 de Strasbourg : <a href=\"https:\/\/eost.unistra.fr\/observatoire\/magnetisme\/bcmt-eost\/\">EOST<\/a><br>Programme <a href=\"http:\/\/geoscope.ipgp.fr\/index.php\/fr\/\">Intermagnet<\/a><br><a href=\"https:\/\/www.fdsn.org\/\">International Federation of Digital Seismograph Networks<\/a><br>L&rsquo;ensemble de nos photos <a href=\"https:\/\/terre-de-crat\u00e8res.fr\/?page_id=66\">ici<\/a><\/p>\n\n\n\n<p><\/p>\n","protected":false},"excerpt":{"rendered":"<p>\u00c9tude des s\u00e9ismes et, plus g\u00e9n\u00e9ralement, des divers mouvements du sol. Mais pourquoi l&rsquo;\u00e9tudier ? Pr\u00e9vision et Pr\u00e9vention des Catastrophes Alerte Pr\u00e9coce : En comprenant les signes pr\u00e9curseurs des tremblements de terre, les sismologues peuvent d\u00e9velopper des syst\u00e8mes d&rsquo;alerte pr\u00e9coce qui sauvent des vies et r\u00e9duisent les dommages mat\u00e9riels.Conception de B\u00e2timents : Les donn\u00e9es&#8230;<\/p>\n<p class=\"read-more\"><a class=\"btn btn-default\" href=\"https:\/\/terre-de-crat\u00e8res.fr\/?page_id=807\"> Read More<span class=\"screen-reader-text\">  Read More<\/span><\/a><\/p>\n","protected":false},"author":1,"featured_media":0,"parent":0,"menu_order":0,"comment_status":"closed","ping_status":"closed","template":"","meta":{"footnotes":""},"class_list":["post-807","page","type-page","status-publish","hentry"],"yoast_head":"<!-- This site is optimized with the Yoast SEO plugin v27.4 - https:\/\/yoast.com\/product\/yoast-seo-wordpress\/ -->\n<title>Sismologie - \u00eele d&#039;AMSTERDAM<\/title>\n<meta name=\"description\" content=\"La sismologie c&#039;est \u00c9tude des s\u00e9ismes et, plus g\u00e9n\u00e9ralement, des divers mouvements du sol. D\u00e9couverte du r\u00f4le des VSC sur Amsterdam.\" \/>\n<meta name=\"robots\" content=\"index, follow, max-snippet:-1, max-image-preview:large, max-video-preview:-1\" \/>\n<link rel=\"canonical\" href=\"https:\/\/terre-de-crat\u00e8res.fr\/?page_id=807\" \/>\n<meta property=\"og:locale\" content=\"fr_FR\" \/>\n<meta property=\"og:type\" content=\"article\" \/>\n<meta property=\"og:title\" content=\"Sismologie - \u00eele d&#039;AMSTERDAM\" \/>\n<meta property=\"og:description\" content=\"La sismologie c&#039;est \u00c9tude des s\u00e9ismes et, plus g\u00e9n\u00e9ralement, des divers mouvements du sol. D\u00e9couverte du r\u00f4le des VSC sur Amsterdam.\" \/>\n<meta property=\"og:url\" content=\"https:\/\/terre-de-crat\u00e8res.fr\/?page_id=807\" \/>\n<meta property=\"og:site_name\" content=\"AMSTERDAM\" \/>\n<meta property=\"article:modified_time\" content=\"2024-12-12T11:23:51+00:00\" \/>\n<meta property=\"og:image\" content=\"https:\/\/terre-de-crat\u00e8res.fr\/wp-content\/uploads\/2024\/11\/cropped-9E3A4267-scaled-1.jpg\" \/>\n\t<meta property=\"og:image:width\" content=\"1600\" \/>\n\t<meta property=\"og:image:height\" content=\"776\" \/>\n\t<meta property=\"og:image:type\" content=\"image\/jpeg\" \/>\n<meta name=\"twitter:card\" content=\"summary_large_image\" \/>\n<meta name=\"twitter:label1\" content=\"Dur\u00e9e de lecture estim\u00e9e\" \/>\n\t<meta name=\"twitter:data1\" content=\"4 minutes\" \/>\n<script type=\"application\/ld+json\" class=\"yoast-schema-graph\">{\"@context\":\"https:\\\/\\\/schema.org\",\"@graph\":[{\"@type\":\"WebPage\",\"@id\":\"https:\\\/\\\/terre-de-crat\u00e8res.fr\\\/?page_id=807\",\"url\":\"https:\\\/\\\/terre-de-crat\u00e8res.fr\\\/?page_id=807\",\"name\":\"Sismologie - \u00eele d'AMSTERDAM\",\"isPartOf\":{\"@id\":\"https:\\\/\\\/terre-de-crat\u00e8res.fr\\\/#website\"},\"datePublished\":\"2024-12-08T10:30:14+00:00\",\"dateModified\":\"2024-12-12T11:23:51+00:00\",\"description\":\"La sismologie c'est \u00c9tude des s\u00e9ismes et, plus g\u00e9n\u00e9ralement, des divers mouvements du sol. D\u00e9couverte du r\u00f4le des VSC sur Amsterdam.\",\"breadcrumb\":{\"@id\":\"https:\\\/\\\/terre-de-crat\u00e8res.fr\\\/?page_id=807#breadcrumb\"},\"inLanguage\":\"fr-FR\",\"potentialAction\":[{\"@type\":\"ReadAction\",\"target\":[\"https:\\\/\\\/terre-de-crat\u00e8res.fr\\\/?page_id=807\"]}]},{\"@type\":\"BreadcrumbList\",\"@id\":\"https:\\\/\\\/terre-de-crat\u00e8res.fr\\\/?page_id=807#breadcrumb\",\"itemListElement\":[{\"@type\":\"ListItem\",\"position\":1,\"name\":\"Accueil\",\"item\":\"https:\\\/\\\/terre-de-crat\u00e8res.fr\\\/\"},{\"@type\":\"ListItem\",\"position\":2,\"name\":\"Sismologie\"}]},{\"@type\":\"WebSite\",\"@id\":\"https:\\\/\\\/terre-de-crat\u00e8res.fr\\\/#website\",\"url\":\"https:\\\/\\\/terre-de-crat\u00e8res.fr\\\/\",\"name\":\"L'\u00eele d'Amsterdam\",\"description\":\"Les Hivernants de la 76\u00e8me mission racontent\",\"alternateName\":\"Amsterdam et Saint-Paul\",\"potentialAction\":[{\"@type\":\"SearchAction\",\"target\":{\"@type\":\"EntryPoint\",\"urlTemplate\":\"https:\\\/\\\/terre-de-crat\u00e8res.fr\\\/?s={search_term_string}\"},\"query-input\":{\"@type\":\"PropertyValueSpecification\",\"valueRequired\":true,\"valueName\":\"search_term_string\"}}],\"inLanguage\":\"fr-FR\"}]}<\/script>\n<!-- \/ Yoast SEO plugin. -->","yoast_head_json":{"title":"Sismologie - \u00eele d'AMSTERDAM","description":"La sismologie c'est \u00c9tude des s\u00e9ismes et, plus g\u00e9n\u00e9ralement, des divers mouvements du sol. D\u00e9couverte du r\u00f4le des VSC sur Amsterdam.","robots":{"index":"index","follow":"follow","max-snippet":"max-snippet:-1","max-image-preview":"max-image-preview:large","max-video-preview":"max-video-preview:-1"},"canonical":"https:\/\/terre-de-crat\u00e8res.fr\/?page_id=807","og_locale":"fr_FR","og_type":"article","og_title":"Sismologie - \u00eele d'AMSTERDAM","og_description":"La sismologie c'est \u00c9tude des s\u00e9ismes et, plus g\u00e9n\u00e9ralement, des divers mouvements du sol. D\u00e9couverte du r\u00f4le des VSC sur Amsterdam.","og_url":"https:\/\/terre-de-crat\u00e8res.fr\/?page_id=807","og_site_name":"AMSTERDAM","article_modified_time":"2024-12-12T11:23:51+00:00","og_image":[{"width":1600,"height":776,"url":"https:\/\/terre-de-crat\u00e8res.fr\/wp-content\/uploads\/2024\/11\/cropped-9E3A4267-scaled-1.jpg","type":"image\/jpeg"}],"twitter_card":"summary_large_image","twitter_misc":{"Dur\u00e9e de lecture estim\u00e9e":"4 minutes"},"schema":{"@context":"https:\/\/schema.org","@graph":[{"@type":"WebPage","@id":"https:\/\/terre-de-crat\u00e8res.fr\/?page_id=807","url":"https:\/\/terre-de-crat\u00e8res.fr\/?page_id=807","name":"Sismologie - \u00eele d'AMSTERDAM","isPartOf":{"@id":"https:\/\/terre-de-crat\u00e8res.fr\/#website"},"datePublished":"2024-12-08T10:30:14+00:00","dateModified":"2024-12-12T11:23:51+00:00","description":"La sismologie c'est \u00c9tude des s\u00e9ismes et, plus g\u00e9n\u00e9ralement, des divers mouvements du sol. D\u00e9couverte du r\u00f4le des VSC sur Amsterdam.","breadcrumb":{"@id":"https:\/\/terre-de-crat\u00e8res.fr\/?page_id=807#breadcrumb"},"inLanguage":"fr-FR","potentialAction":[{"@type":"ReadAction","target":["https:\/\/terre-de-crat\u00e8res.fr\/?page_id=807"]}]},{"@type":"BreadcrumbList","@id":"https:\/\/terre-de-crat\u00e8res.fr\/?page_id=807#breadcrumb","itemListElement":[{"@type":"ListItem","position":1,"name":"Accueil","item":"https:\/\/terre-de-crat\u00e8res.fr\/"},{"@type":"ListItem","position":2,"name":"Sismologie"}]},{"@type":"WebSite","@id":"https:\/\/terre-de-crat\u00e8res.fr\/#website","url":"https:\/\/terre-de-crat\u00e8res.fr\/","name":"L'\u00eele d'Amsterdam","description":"Les Hivernants de la 76\u00e8me mission racontent","alternateName":"Amsterdam et Saint-Paul","potentialAction":[{"@type":"SearchAction","target":{"@type":"EntryPoint","urlTemplate":"https:\/\/terre-de-crat\u00e8res.fr\/?s={search_term_string}"},"query-input":{"@type":"PropertyValueSpecification","valueRequired":true,"valueName":"search_term_string"}}],"inLanguage":"fr-FR"}]}},"_links":{"self":[{"href":"https:\/\/terre-de-crat\u00e8res.fr\/index.php?rest_route=\/wp\/v2\/pages\/807","targetHints":{"allow":["GET"]}}],"collection":[{"href":"https:\/\/terre-de-crat\u00e8res.fr\/index.php?rest_route=\/wp\/v2\/pages"}],"about":[{"href":"https:\/\/terre-de-crat\u00e8res.fr\/index.php?rest_route=\/wp\/v2\/types\/page"}],"author":[{"embeddable":true,"href":"https:\/\/terre-de-crat\u00e8res.fr\/index.php?rest_route=\/wp\/v2\/users\/1"}],"replies":[{"embeddable":true,"href":"https:\/\/terre-de-crat\u00e8res.fr\/index.php?rest_route=%2Fwp%2Fv2%2Fcomments&post=807"}],"version-history":[{"count":7,"href":"https:\/\/terre-de-crat\u00e8res.fr\/index.php?rest_route=\/wp\/v2\/pages\/807\/revisions"}],"predecessor-version":[{"id":958,"href":"https:\/\/terre-de-crat\u00e8res.fr\/index.php?rest_route=\/wp\/v2\/pages\/807\/revisions\/958"}],"wp:attachment":[{"href":"https:\/\/terre-de-crat\u00e8res.fr\/index.php?rest_route=%2Fwp%2Fv2%2Fmedia&parent=807"}],"curies":[{"name":"wp","href":"https:\/\/api.w.org\/{rel}","templated":true}]}}